= d + 6. Let m be 1/((q/3)/85). Calculate the greatest common divisor of 34 and m.
17
Let l(t) = -2. Let k(v) = 1 - 5 + 3*v - 2*v. Let d(w) = -3*k(w) + 5*l(w). Let h be d(-5). What is the highest common factor of h and 51?
17
Let l be (-340)/(-9) - 1*2/(-9). Calculate the highest common factor of l and 57.
19
Let c(y) = 153*y**2 - y - 1. Let r be c(-1). Suppose -u = -5*q + 8, -4*u - 2*q + 58 = -4*q. What is the greatest common factor of u and r?
17
Suppose 2*z - 8 = -3*c, 2*c + 24 = 2*z + c. Suppose 3*j + j - 64 = 0. Suppose p - 4 = j. What is the highest common divisor of p and z?
10
Suppose -9 = 2*n + 6*f - f, 5*n - 30 = -2*f. Let q be 0 - -1 - (-8 + 3 + 0). Let a = n - q. Calculate the highest common divisor of 10 and a.
2
Suppose -5*i - 3*p - 22 + 306 = 0, 3*p = 9. Let b be (1 - (2 + 0))*-22. Calculate the greatest common divisor of i and b.
11
Let p(f) = 189*f**3 + 2*f - 1. Let i be p(1). Calculate the greatest common divisor of i and 19.
19
Let g(m) = m**2 + 11*m + 2. Let v be g(-11). Calculate the highest common divisor of v and 18.
2
Suppose 5*p - 57 = 63. Suppose 8*n = 4*n + 24. Calculate the highest common factor of p and n.
6
Suppose 0 = 3*l + 10 - 43. What is the highest common factor of 55 and l?
11
Let b(q) = q**3 + 14*q**2 + 16*q - 10. Let i(w) = -w**2 + 1. Let y(a) = -b(a) + 3*i(a). Let z be y(-16). What is the greatest common divisor of z and 13?
13
Let y = -153 - -225. Calculate the highest common factor of y and 9.
9
Let c be -1 - (3 + -3 + -34). What is the greatest common divisor of 22 and c?
11
Let j be (-20)/(-6) - 2/(-3). Suppose 0 = 3*o - 205 + 169. Calculate the greatest common divisor of j and o.
4
Let t = 16 - 7. Let x(q) = 3*q + 30. Let u be x(17). What is the highest common factor of t and u?
9
Let o(q) = -q + 2. Let x be o(-3). Suppose -2*u - 6*w + 2*w = -14, -x*u = 5*w - 45. Calculate the highest common factor of 55 and u.
11
Suppose 4*t = t + 48. Calculate the highest common divisor of 8 and t.
8
Let a = 7 + 10. Calculate the greatest common factor of a and 153.
17
Let m(o) = -17*o + 15. Let p be m(-5). What is the highest common factor of p and 40?
20
Suppose 0 = 3*r, -3*z - 42 = r + 2*r. Let x = z + 22. Suppose 16 = 4*w - 64. Calculate the highest common divisor of w and x.
4
Suppose -3*g = -2*g - 2. Suppose -w - 3*j - 11 = 0, -5*w - g*j + 5 = -5. What is the greatest common divisor of w and 6?
2
Suppose 0 = 2*q + s - 2*s - 21, -3*s = -2*q + 19. What is the greatest common divisor of 88 and q?
11
Let p be (-6)/(-9) - (-7)/3. Let n be 1*(15/p)/1. Calculate the greatest common factor of 35 and n.
5
Let z = -207 - -305. Let n = -3 + 4. Let o be n/(87/42 + -2). What is the greatest common divisor of o and z?
14
Let g be (9/(-6) + 1)*6. Let k be 2/((-18)/15)*g. Suppose 5*u - c - 18 = 7, -5*c + 25 = 5*u. What is the highest common factor of u and k?
5
Suppose 4*w = -112 - 156. Let s = 127 + w. Suppose 53 + 19 = 3*d. Calculate the highest common factor of s and d.
12
Let h(k) be the first derivative of -95*k**2/2 - 3*k + 3. Let w be h(-2). What is the greatest common factor of w and 17?
17
Let v(b) = 5*b**2 - b - 1. Let x be (8/(-14))/(4/(-14)). Let j be v(x). What is the highest common divisor of j and 68?
17
Suppose -3*p = -p - 12. Let g(h) be the first derivative of 11*h**3/3 - h**2 + 2. Let u be g(-2). Calculate the greatest common factor of p and u.
6
Suppose 0 = -5*y + 7 + 8. Let m = -18 - -93. Suppose -i - y*a + m = 0, -235 = -4*i - 4*a + 5*a. Calculate the greatest common divisor of i and 12.
12
Suppose -5*u - 57 = -202. What is the greatest common factor of u and 58?
29
Let a be 142/7 - 2/7. Let x be 12/a + (-24)/(-10). Let t be (-2)/(-5) + x/5. What is the highest common factor of t and 5?
1
Suppose -4*m + 56 = -56. Let w be (-7)/(-3 - (2 + -4)). What is the greatest common factor of w and m?
7
Suppose 3*o + y - 58 = -y, 0 = -3*o + 2*y + 38. What is the greatest common factor of o and 176?
16
Let a be 9/27 + 359/3. Calculate the highest common divisor of 80 and a.
40
Let r(i) = i - 6. Let p be r(15). What is the greatest common divisor of p and 3?
3
Suppose 1 = j + 3. Let o = 6 - 3. Let i = j + o. What is the highest common factor of 5 and i?
1
Let o be (-24)/(-9)*(-42)/(-8). Let b(s) = 4*s**2 - 3*s - 1. Let t = 5 - 7. Let w be b(t). What is the highest common divisor of w and o?
7
Suppose -3*i + 4*n = 6*n - 438, -4*i + 588 = 4*n. Calculate the highest common divisor of 16 and i.
16
Let g = -12 + 8. Let t be 3*19 - (g - -1). What is the highest common divisor of 12 and t?
12
Let z = -1 + -1. Let y be ((-1)/2)/(z/440). Calculate the greatest common factor of 10 and y.
10
Suppose c - 7*c + 324 = 0. Calculate the greatest common factor of 18 and c.
18
Let o be 4/14 + (-38)/(-14). Let a = 6 - o. Calculate the greatest common factor of 33 and a.
3
Suppose -b + 3*b = 8. Suppose 0 = -b*t - k + 754, 4*t - k - 4*k = 766. Calculate the greatest common divisor of t and 21.
21
Suppose -2*q + 4*g = -0*q - 64, 4*q - 121 = g. Calculate the greatest common factor of 6 and q.
6
Let q(v) = v**2 - 9*v - 6. Let m be q(8). Let h = m + 26. Calculate the highest common factor of h and 12.
12
Suppose 12*z - 4*z - 136 = 0. Calculate the highest common divisor of 51 and z.
17
Suppose 0*v - 8 = -4*v. Suppose 43 = 3*x - p, -6*x + x + 90 = 2*p. What is the highest common factor of x and v?
2
Let k be (0 - -2) + (0 - 4). Let b be 2*(3 - (4 + k)). Let v = b + 4. What is the greatest common divisor of v and 24?
6
Suppose 2*x + 5*z = 20, -8*z + 84 = 5*x - 4*z. Let a = 310 - 210. What is the highest common factor of x and a?
20
Let b be 4*1/(-10)*-5. Suppose 0 = b*d - 3 - 1. What is the highest common divisor of 1 and d?
1
Let s(n) = 25*n - 2. Let o be s(3). Let p = 177 - o. What is the greatest common factor of p and 13?
13
Suppose 100 = 4*q - 4*w, 2*q - 3*w + 165 = 7*q. What is the highest common divisor of 90 and q?
30
Let u be (-10)/(-1) + (1 - 3). Calculate the highest common divisor of 64 and u.
8
Let d = 29 + -3. What is the highest common divisor of d and 39?
13
Let m(c) = 2*c - 5. Let v be m(4). Suppose -v*t + 28 + 80 = 0. Let o = -19 - -23. Calculate the greatest common divisor of t and o.
4
Let o(r) = 12*r**2 - 4*r - 6. Let q be o(-2). Let w = 24 + 1. What is the greatest common divisor of w and q?
25
Suppose -2*b + 3 + 9 = 0. Let o = 9 + -5. Suppose -71 = o*x - 335. What is the greatest common factor of x and b?
6
Let y(a) = -77*a - 7. Let l be y(-2). Calculate the greatest common divisor of 21 and l.
21
Let f(o) = -o**3 + 9*o**2 + 12*o - 12. Let d be f(9). Calculate the greatest common divisor of 12 and d.
12
Let m = -7 + 12. Let p(t) = -t**2 + 7*t - 5. Let j be p(m). Suppose j*q - u - 178 = 49, 0 = -3*q - 4*u + 127. Calculate the greatest common divisor of q and 18.
9
Suppose 6*h = 7*h + 22. Let t = -18 - h. What is the highest common factor of t and 10?
2
Let l(w) = -w**3 - 20*w**2 - w + 26. Let m be l(-20). Suppose -3*s - 102 + 447 = 0. Calculate the greatest common divisor of s and m.
23
Let q = -3 - -3. Suppose -7*y + 2*y - 5*v + 430 = 0, q = -3*y - 2*v + 258. Let k be (-2)/(0 - 1) + y. What is the greatest common divisor of 11 and k?
11
Let p(z) = z**2 + 2*z - 6. Let k be p(-5). Calculate the greatest common factor of 18 and k.
9
Let h be (-2)/3*(-30)/4. Let o = h + 4. Suppose -16 = -5*n + o. Calculate the highest common factor of 55 and n.
5
Let o(n) = n + 9. Let h be o(4). Suppose -h = -m + 7. Calculate the highest common divisor of 60 and m.
20
Suppose -3*i + 85 = 4*u - 0*u, 2*u - 43 = -i. Suppose 3*g - 2*w - 4 = 0, -5*w - 1 = -3*g - 0*g. Calculate the greatest common factor of g and u.
2
Let z(g) = g**3 - g**2 + 7*g. Let w be z(5). Let k = 176 - 161. Calculate the highest common divisor of k and w.
15
Suppose 54*m = 53*m + 36. What is the highest common factor of 24 and m?
12
Suppose 2*x = -3*v + 30 - 10, 5*x = 3*v + 29. Let p = -3 + x. Calculate the highest common divisor of 8 and p.
4
Let a be ((-390)/12)/(-13)*2/1. What is the greatest common divisor of a and 55?
5
Suppose -p = b - 15, p + 2*b = -0*b + 14. Let t = 21 - p. Calculate the highest common divisor of 40 and t.
5
Suppose 4*u - 3*u = 56. Let f be ((-12)/7)/((-16)/u). What is the highest common factor of f and 15?
3
Let l(p) = p**3 + 7*p**2 + 2*p + 6.